 factors of 628147846?
2, 4877, 64399
What are the prime factors of 857892977?
31, 27673967
List the prime factors of 481296449.
953, 505033
List the prime factors of 70583322.
2, 3, 11763887
What are the prime factors of 111899651?
111899651
List the prime factors of 2334048965.
5, 4679, 99767
What are the prime factors of 3211624100?
2, 5, 1489, 21569
What are the prime factors of 51901?
17, 43, 71
List the prime factors of 416640547.
4691, 88817
What are the prime factors of 104778631?
59, 1775909
What are the prime factors of 3047990806?
2, 7, 31101947
List the prime factors of 1154427258.
2, 3, 199, 313, 3089
What are the prime factors of 469493514?
2, 3, 7, 73, 51043
What are the prime factors of 9523646?
2, 11, 432893
What are the prime factors of 663472018?
2, 11, 733, 41143
List the prime factors of 328284372.
2, 3, 13, 269, 7823
What are the prime factors of 51138914?
2, 47, 544031
What are the prime factors of 25469926?
2, 433, 29411
List the prime factors of 875854847.
7, 2237, 55933
What are the prime factors of 386775379?
386775379
What are the prime factors of 7168184343?
3, 31, 951571
List the prime factors of 825573563.
37, 22312799
List the prime factors of 52039938.
2, 3, 23, 439, 859
What are the prime factors of 37450565?
5, 7490113
List the prime factors of 378982470.
2, 3, 5, 89, 141941
List the prime factors of 1006238.
2, 263, 1913
What are the prime factors of 37965453?
3, 241, 52511
List the prime factors of 2016516274.
2, 131, 467, 16481
List the prime factors of 1118591734.
2, 13, 1553, 2131
List the prime factors of 39027877.
7, 821, 6791
What are the prime factors of 9532132?
2, 2383033
List the prime factors of 160822352.
2, 53, 61, 3109
What are the prime factors of 7521348?
2, 3, 173, 3623
List the prime factors of 2234073127.
11, 13, 43, 421, 863
List the prime factors of 598848850.
2, 5, 241, 49697
List the prime factors of 288347777.
288347777
What are the prime factors of 619008711?
3, 109, 1321, 1433
List the prime factors of 657132481.
103, 6379927
List the prime factors of 152884951.
152884951
List the prime factors of 311266101.
3, 47, 2207561
What are the prime factors of 889179261?
3, 296393087
What are the prime factors of 2675900269?
7, 389, 982703
List the prime factors of 310591733.
239, 367, 3541
List the prime factors of 1430609151.
3, 476869717
List the prime factors of 952360798.
2, 476180399
List the prime factors of 10630861.
19, 31, 18049
What are the prime factors of 14953227?
3, 2131, 2339
List the prime factors of 1467138265.
5, 293427653
What are the prime factors of 40644197?
11, 23, 160649
What are the prime factors of 1025303054?
2, 12379, 41413
What are the prime factors of 737035652?
2, 43, 149, 28759
What are the prime factors of 77805673?
11, 7073243
What are the prime factors of 48111637?
7, 6873091
List the prime factors of 7773380.
2, 5, 137, 2837
What are the prime factors of 4662927?
3, 31, 619
What are the prime factors of 2085025062?
2, 3, 547, 635291
List the prime factors of 1028207979.
3, 38081777
What are the prime factors of 1035854278?
2, 517927139
List the prime factors of 78131204.
2, 859, 22739
List the prime factors of 38172780.
2, 3, 5, 31, 6841
What are the prime factors of 74026877?
359, 206203
What are the prime factors of 1090490401?
7, 11, 13, 1089401
What are the prime factors of 329807463?
3, 17, 43, 59, 2549
List the prime factors of 684087754.
2, 7, 48863411
What are the prime factors of 448647151?
59, 101, 75289
List the prime factors of 2218320359.
2218320359
List the prime factors of 1700932380.
2, 3, 5, 7, 599, 6761
What are the prime factors of 50059487?
1523, 32869
List the prime factors of 70616929.
17, 347, 11971
List the prime factors of 113038425.
3, 5, 502393
What are the prime factors of 39876769?
29, 83, 16567
What are the prime factors of 2182951440?
2, 3, 5, 997, 3041
What are the prime factors of 5964552?
2, 3, 11, 17, 443
List the prime factors of 1019628568.
2, 7, 18207653
List the prime factors of 1676649931.
11, 37, 487, 769
List the prime factors of 40432335.
3, 5, 251, 10739
What are the prime factors of 538056079?
11, 19, 41, 62791
What are the prime factors of 2108349475?
5, 84333979
List the prime factors of 11288488.
2, 1411061
List the prime factors of 10037886.
2, 3, 29, 57689
List the prime factors of 251370496.
2, 13, 23, 821
What are the prime factors of 9115766?
2, 11, 131, 3163
What are the prime factors of 35017721?
61, 574061
What are the prime factors of 251829471?
3, 313, 268189
What are the prime factors of 77049208?
2, 821, 11731
What are the prime factors of 11137168?
2, 7, 99439
List the prime factors of 898752552.
2, 3, 83, 451181
What are the prime factors of 1141943694?
2, 3, 71, 2680619
List the prime factors of 76741546.
2, 7, 783077
List the prime factors of 5736999325.
5, 229479973
List the prime factors of 146912046.
2, 3, 131, 311, 601
What are the prime factors of 4041089873?
17, 173, 1374053
What are the prime factors of 261974952?
2, 3, 1212847
List the prime factors of 1904649297.
3, 23, 2153, 12821
What are the prime factors of 487134543?
3, 7, 23196883
What are the prime factors of 117926065?
5, 19, 79, 827
List the prime factors of 2770260575.
5, 73, 479, 3169
List the prime factors of 3350485037.
79, 5009, 8467
What are the prime factors of 37274128?
2, 317, 7349
What are the prime factors of 80064058?
2, 23, 1740523
List the prime factors of 23814317.
41, 580837
What are the prime factors of 1424794276?
2, 17, 223, 5527
What are the prime factors of 5327708121?
3, 89, 2217107
What are the prime factors of 4981112139?
3, 23, 71, 44207
What are the prime factors of 289806029?
289806029
What are the prime factors of 457131681?
3, 5643601
What are the prime factors of 7583749041?
3, 11, 12049, 19073
What are the prime factors of 1451470?
2, 5, 173, 839
List the prime factors of 992818368.
2, 3, 23, 74941
List the prime factors of 528849506.
2, 264424753
List the prime factors of 205611042.
2, 3, 7, 13, 376577
List the prime factors of 5097836608.
2, 79653697
What are the prime factors of 95975386?
2, 13, 71, 51991
What are the prime factors of 268167737?
43, 6236459
List the prime factors of 16628005.
5, 443, 7507
What are the prime factors of 4524748039?
7, 97, 6663841
List the prime factors of 94069568.
2, 17, 86461
What are the prime factors of 5418961093?
7, 13, 43, 1384861
What are the prime factors of 934924871?
934924871
What are the prime factors of 1298495500?
2, 5, 2596991
What are the prime factors of 176390508?
2, 3, 7, 2099887
List the prime factors of 591498897.
3, 11, 17924209
What are the prime factors of 128248233?
3, 19, 2249969
What are the prime factors of 339919821?
3, 1398847
List the prime factors of 100332281.
7, 89, 161047
What are the prime factors of 39808727?
7, 773, 1051
What are the prime factors of 353129046?
2, 3, 58854841
List the prime factors of 3041773522.
2, 1123, 1354307
What are the prime factors of 195833362?
2, 23, 67, 63541
What are the prime factors of 451981880?
2, 5, 7, 19, 53, 229
List the prime factors of 139202747.
139202747
List the prime factors of 119828035.
5, 41, 149, 3923
List the prime factors of 322078422.
2, 3, 4447, 12071
List the prime factors of 174058756.
2, 23, 167, 11329
What are the prime factors of 957664193?
61, 977, 16069
List the prime factors of 47384471.
367, 129113
What are the prime factors of 241767425?
5, 71, 136207
What are the prime factors of 189181991?
189181991
What are the prime factors of 2540468040?
2, 3, 5, 11, 71, 27107
List the prime factors of 2350178661.
3, 783392887
What are the prime factors of 53756230?
2, 5, 11, 71, 6883
What are the prime factors of 191554245?
3, 5, 4256761
What are the prime factors of 18650891?
7, 857, 3109
List the prime factors of 220001560.
2, 5, 59, 73, 1277
List the prime factors of 692738354.
2, 7, 11, 1693, 2657
What are the prime factors of 1270096220?
2, 5, 67, 947833
What are the prime factors of 185587446?
2, 3, 11, 2811931
List the prime factors of 5114629.
13, 19, 20707
List the prime factors of 2063077169.
2063077169
List the prime factors of 683453145.
3, 5, 3613, 12611
What are the prime factors of 61894284?
2, 3, 5157857
List the prime factors of 59674471.
17, 271, 12